{"id":322,"date":"2024-11-25T17:10:01","date_gmt":"2024-11-25T17:10:01","guid":{"rendered":"https:\/\/staging.capannamontebar.casticino.ch\/?page_id=322"},"modified":"2025-05-13T19:55:08","modified_gmt":"2025-05-13T19:55:08","slug":"zugang","status":"publish","type":"page","link":"https:\/\/capannamontebar.casticino.ch\/?page_id=322&lang=de","title":{"rendered":"ZUGANG"},"content":{"rendered":"\n<div class=\"wp-block-stackable-spacer stk-block-spacer stk--no-padding stk-block stk-07c4a3e\" data-block-id=\"07c4a3e\"><\/div>\n\n\n\n<div class=\"wp-block-stackable-heading stk-block-heading stk-block-heading--v2 stk-block stk-8ef2f2f\" id=\"huttenzugang\" data-block-id=\"8ef2f2f\"><h2 class=\"stk-block-heading__text\">H\u00fcttenzugang<\/h2><\/div>\n\n\n\n<p>Die H\u00fctte ist zu Fuss aber auch mit dem Mountainbike ohne grosse Schwierigkeiten erreichbar. Fast alle Wanderwege eignen sich bestens f\u00fcr Familienausfl\u00fcge in der Natur.<\/p>\n\n\n\n<p>Auch im Winter kann man die H\u00fctte mit den Skis oder mit Schneeschuhen erreichen. Dabei darf nicht vergessen werden, dass man sich in den Bergen befindet und dass das Wetter im Vergleich zum Tal sehr schnell umschlagen kann.<\/p>\n\n\n\n<p>Die Parkm\u00f6glichkeiten im Tal sind beschr\u00e4nkt und es wird empfohlen, die \u00f6ffentlichen Verkehrsmitteln zu benutzen.<\/p>\n\n\n\n<div class=\"wp-block-stackable-spacer stk-block-spacer stk--no-padding stk-block stk-43baed9\" data-block-id=\"43baed9\"><\/div>\n\n\n\n<div class=\"wp-block-stackable-columns stk-block-columns stk-block stk-5aeba4c\" data-block-id=\"5aeba4c\"><div class=\"stk-row stk-inner-blocks stk-block-content stk-content-align stk-5aeba4c-column\">\n<div class=\"wp-block-stackable-column stk-block-column stk-column stk-block stk-ed5c4e7\" data-v=\"4\" data-block-id=\"ed5c4e7\"><div class=\"stk-column-wrapper stk-block-column__content stk-container stk-ed5c4e7-container stk--no-background stk--no-padding\"><div class=\"stk-block-content stk-inner-blocks stk-ed5c4e7-inner-blocks\">\n<div class=\"wp-block-stackable-heading stk-block-heading stk-block-heading--v2 stk-block stk-08a0323\" id=\"strong-lage-strong\" data-block-id=\"08a0323\"><h4 class=\"stk-block-heading__text\"><strong>Lage:<\/strong><\/h4><\/div>\n\n\n\n<ul class=\"wp-block-list\">\n<li>Alta Capriasca<\/li>\n\n\n\n<li>CNS 1:25\u2019000 f. N\u00b0 1333<\/li>\n\n\n\n<li>Koordinaten 721.800 \u2013 106.610<\/li>\n\n\n\n<li>H\u00f6he 1602 M.\u00fc.M.<\/li>\n<\/ul>\n<\/div><\/div><\/div>\n\n\n\n<div class=\"wp-block-stackable-column stk-block-column stk-column stk-block stk-8b0b1d7\" data-v=\"4\" data-block-id=\"8b0b1d7\"><div class=\"stk-column-wrapper stk-block-column__content stk-container stk-8b0b1d7-container stk--no-background stk--no-padding\"><div class=\"stk-block-content stk-inner-blocks stk-8b0b1d7-inner-blocks\">\n<div class=\"wp-block-stackable-heading stk-block-heading stk-block-heading--v2 stk-block stk-1d423cf\" id=\"strong-huttenzustiege-und-gehzeit-strong\" data-block-id=\"1d423cf\"><h4 class=\"stk-block-heading__text\"><strong>H\u00fcttenzustiege und Gehzeit:<\/strong><\/h4><\/div>\n\n\n\n<ul class=\"wp-block-list\">\n<li>von Corticiasca: 1.5 h<\/li>\n\n\n\n<li>von Bidogno: 2 h<\/li>\n\n\n\n<li>von Isone, Serdenatal Piandanazzo: 3 h<\/li>\n\n\n\n<li>von Gola di Lago: 2.30 h<\/li>\n\n\n\n<li>von Scareglia oder&nbsp;Sign\u00f4ra: 3.5 h<\/li>\n<\/ul>\n<\/div><\/div><\/div>\n<\/div><\/div>\n\n\n\n<p><em>Zug\u00e4ngeplan und Wanderwege <\/em><a href=\"https:\/\/schweizmobil.ch\/de\/map?bgLayer=pk&amp;detours=no&amp;layers=wanderland%2Cveloland&amp;photos=yes&amp;logos=yes&amp;season=summer&amp;highlightPointCoordinates=2721818-1106610&amp;E=2721449&amp;N=1106526&amp;resolution=4.51\" target=\"_blank\" rel=\"noreferrer noopener\">SchweizMobile<\/a><\/p>\n\n\n\n<div> <iframe loading=\"lazy\" style=\"border: none; position: relative; width: 100%; height: 1000px;\" src=\"https:\/\/map.schweizmobil.ch\/?lang=de&#038;land=wanderland&#038;route=all&#038;bgLayer=pk&#038;season=summer&#038;resolution=5&#038;E=2721435&#038;N=1106120&#038;photos=yes&#038;logo=yes&#038;detours=yes&#038;layers=Wanderland%2CMountainbikeland%2CStation\" name=\"Cartina_svizzeramobile\" width=\"1000\" height=\"500\">\n<p>Il tuo browser non supporta gli iframe<\/p>\n<p>&nbsp;<\/p><\/iframe>\n<\/div>\n\n\n\n<div class=\"wp-block-stackable-spacer stk-block-spacer stk--no-padding stk-block stk-b56037c\" data-block-id=\"b56037c\"><\/div>\n\n\n\n<div class=\"wp-block-stackable-heading stk-block-heading stk-block-heading--v2 stk-block stk-1776b1e\" id=\"strong-sicherheit-auf-den-wegen-strong\" data-block-id=\"1776b1e\"><h3 class=\"stk-block-heading__text\"><strong>Sicherheit auf den Wegen:<\/strong><\/h3><\/div>\n\n\n\n<p>Nicht alle Wege sind auch im Winter sicher begehbar. Eis und Schnee k\u00f6nnen Stellen, die im Sommer problemlos sind, in heimt\u00fcckische Passagen umwandeln. Im Winter ist zudem mit Lawinengefahr zu rechnen, besonders in steileren H\u00e4ngen und in Rinnen. Feste Schuhe, wetterfeste Kleidung und geeignete Ausr\u00fcstung sind auch im Sommer ein Muss. Die Mountainbiker werden gebeten, die zahlreichen Wanderer auf den Wegen zu beachten. F\u00fcr Informationen \u00fcber den Zustand der Umgebung und der Wege wird empfohlen, die H\u00fctte zu kontaktieren.<\/p>\n\n\n\n<div class=\"wp-block-stackable-spacer stk-block-spacer stk--no-padding stk-block stk-d375158\" data-block-id=\"d375158\"><\/div>\n\n\n\n<div class=\"wp-block-stackable-heading stk-block-heading stk-block-heading--v2 stk-block stk-ba22581\" id=\"strong-respektiere-den-berg-strong\" data-block-id=\"ba22581\"><h3 class=\"stk-block-heading__text\"><strong>Respektiere den Berg!<\/strong><\/h3><\/div>\n\n\n\n<p>Bitte keine Abf\u00e4lle oder sonstige Verunreinigungen in der Umwelt zur\u00fccklassen! Die Tiere und die Bergliebhaber m\u00f6chten, wie du auch, eine unversehrte Natur geniessen k\u00f6nnen.<\/p>\n\n\n\n<div class=\"wp-block-stackable-spacer stk-block-spacer stk--no-padding stk-block stk-45b9e55\" data-block-id=\"45b9e55\"><\/div>\n\n\n\n<div class=\"wp-block-stackable-heading stk-block-heading stk-block-heading--v2 stk-block stk-8117b0c\" id=\"strong-achtung-waldbrandgefahr-strong\" data-block-id=\"8117b0c\"><h3 class=\"stk-block-heading__text\"><strong>Achtung Waldbrandgefahr!<\/strong><\/h3><\/div>\n\n\n\n<p>In der Vergangenheit wurde der Monte Bar wiederholt von verheerenden Br\u00e4nden getroffen, die enorme Sch\u00e4den am Wald und an der \u00fcbrigen Vegetation verursachten. Achtet bitte darauf, kein offenes Feuer anzuz\u00fcnden.<\/p>\n","protected":false},"excerpt":{"rendered":"<p>H\u00fcttenzugang Die H\u00fctte ist zu Fuss aber auch mit dem Mountainbike ohne grosse Schwierigkeiten erreichbar. Fast alle Wanderwege eignen sich bestens f\u00fcr Familienausfl\u00fcge in der Natur. Auch im Winter kann man die H\u00fctte mit den Skis oder mit Schneeschuhen erreichen. Dabei darf nicht vergessen werden, dass man sich in den Bergen befindet und dass das [&hellip;]<\/p>\n","protected":false},"author":2,"featured_media":0,"parent":0,"menu_order":0,"comment_status":"closed","ping_status":"closed","template":"","meta":{"footnotes":""},"class_list":["post-322","page","type-page","status-publish","hentry"],"_links":{"self":[{"href":"https:\/\/capannamontebar.casticino.ch\/index.php?rest_route=\/wp\/v2\/pages\/322","targetHints":{"allow":["GET"]}}],"collection":[{"href":"https:\/\/capannamontebar.casticino.ch\/index.php?rest_route=\/wp\/v2\/pages"}],"about":[{"href":"https:\/\/capannamontebar.casticino.ch\/index.php?rest_route=\/wp\/v2\/types\/page"}],"author":[{"embeddable":true,"href":"https:\/\/capannamontebar.casticino.ch\/index.php?rest_route=\/wp\/v2\/users\/2"}],"replies":[{"embeddable":true,"href":"https:\/\/capannamontebar.casticino.ch\/index.php?rest_route=%2Fwp%2Fv2%2Fcomments&post=322"}],"version-history":[{"count":6,"href":"https:\/\/capannamontebar.casticino.ch\/index.php?rest_route=\/wp\/v2\/pages\/322\/revisions"}],"predecessor-version":[{"id":680,"href":"https:\/\/capannamontebar.casticino.ch\/index.php?rest_route=\/wp\/v2\/pages\/322\/revisions\/680"}],"wp:attachment":[{"href":"https:\/\/capannamontebar.casticino.ch\/index.php?rest_route=%2Fwp%2Fv2%2Fmedia&parent=322"}],"curies":[{"name":"wp","href":"https:\/\/api.w.org\/{rel}","templated":true}]}}